nd 72.
9
Let l be 1/5 - 76/(-20). Let p(f) = 2*f - 1. Let o be p(l). Suppose 3*t = t + 56. Calculate the greatest common divisor of t and o.
7
Let b(w) = w**2 - 16*w + 37. Let x be b(15). Calculate the highest common factor of x and 2.
2
Let x(s) = s**3 - 5*s**2 - 2*s + 2. Let z = 10 + -4. Let b be x(z). Suppose -o + 34 = l, 0*l + l = o + b. Calculate the greatest common factor of l and 10.
10
Suppose -5 = 3*r - 23. Let k = 8 - r. What is the highest common divisor of k and 10?
2
Let q(i) = -41*i + 10. Let j be q(-2). What is the greatest common factor of 23 and j?
23
Suppose 0*i - 4*i = -2*n, 2*n = -3*i - 7. Let x(z) = -7 + 2 + z**2 + 3 - 2*z. Let l be x(n). Calculate the greatest common factor of 9 and l.
3
Let n = -13 + 19. Let q(a) = 4*a - 9. Let j be q(n). Calculate the greatest common divisor of j and 135.
15
Let o = -15 + 22. What is the highest common factor of 56 and o?
7
Let t = 8 + -6. Suppose -w - 4*k + 0*k = -2, 4*k = -t*w + 12. What is the greatest common factor of 25 and w?
5
Let d = 124 + -74. What is the greatest common factor of 25 and d?
25
Suppose -2*b = 3*b - 640. Let d be ((-32)/5)/(20/(-50)). Calculate the highest common divisor of b and d.
16
Suppose -20 = -5*g - 0*g. Suppose 0 = -4*k - 5*z + 160, -g*k - 2*z = -k - 120. What is the highest common factor of 8 and k?
8
Let z = -4 - -14. Calculate the greatest common factor of 10 and z.
10
Let v be (-21)/(-2)*(-4)/6. Let b = v + 19. What is the greatest common factor of 24 and b?
12
Suppose -4*a + 336 = -0*a. Suppose 1 - 13 = -t. Calculate the greatest common factor of a and t.
12
Suppose -4*i - 37 = s, -5*s + s - i - 178 = 0. Let l = -9 - s. Suppose 0 = -0*x + 5*x + q - 270, 2*x - 108 = q. What is the greatest common divisor of l and x?
18
Let o(c) = -7*c - 3. Let k(x) = -36*x - 16. Let n(a) = 3*k(a) - 16*o(a). Let p be n(-1). Let i be 8/3*(-9)/p. What is the greatest common factor of i and 12?
6
Suppose -11*p + 299 = -317. What is the highest common factor of p and 16?
8
Suppose -p = -1 - 1, 4*p - 14 = -3*m. Suppose 0 = 2*t + m*t. Suppose t = -5*g + 3*g + 4. What is the highest common factor of g and 3?
1
Suppose 4*m + 4 = -4*p, 0*m = -2*p - 3*m - 3. Suppose 4*n - 3*n - 21 = p. Calculate the highest common divisor of n and 14.
7
Suppose u - 2 = 34. Suppose -2*i + 5*i = 12. Calculate the highest common divisor of u and i.
4
Let x(o) = o**3 - 6*o**2 - 7*o + 9. Let s be x(7). Let a be (3/1)/(s/48). What is the greatest common factor of a and 176?
16
Let s = 638 + -502. Let z be 49/3 - (-6)/9. What is the greatest common factor of s and z?
17
Suppose 5*z = 4*w + 4 - 26, 2*w + 3*z = 22. What is the greatest common factor of w and 64?
8
Suppose 0 = 5*x - 5*l + 4*l + 26, -2*x = 4*l + 28. Let k be 18/x - (-1 - 13). What is the highest common factor of 55 and k?
11
Let p = -10 + -1. Let c(n) = -n**2 - 13*n - 1. Let v be c(p). What is the greatest common factor of 3 and v?
3
Let b be 3*4/((-48)/(-356)). Suppose -5*f = -b + 29. Calculate the greatest common divisor of 36 and f.
12
Let j = -62 + 129. Suppose 4*l + i = 47, 4*l = -l - 4*i + j. What is the greatest common divisor of 77 and l?
11
Let m be ((-178)/(-6) - (-20)/(-30)) + -1. Calculate the greatest common divisor of 140 and m.
28
Suppose 0*y - 5*d = y + 10, -y + 2 = d. Calculate the highest common divisor of y and 10.
5
Let t be ((-126)/(-27))/((-3)/((-99)/2)). Calculate the greatest common divisor of 7 and t.
7
Let c = 15 - 11. Suppose 2 = o + c*i, o - 27 = -0*o + i. What is the greatest common factor of o and 11?
11
Let j(o) = 10*o**2 + 42*o + 2. Let n be j(-6). Let b(i) = 4*i - 6. Let v be b(4). Calculate the greatest common divisor of v and n.
10
Suppose 2*u + 16 = -2*u, 4*x + 2*u - 52 = 0. What is the highest common divisor of x and 6?
3
Let a(r) = 3*r**2 + 5*r - 2. Let t be a(3). What is the greatest common factor of 20 and t?
20
Let y(f) = 24*f**2 + f - 4. Let h be y(4). Suppose -5*t = -t - h. Suppose -4*g + t = -0*g. Calculate the greatest common divisor of g and 3.
3
Let w = 9 + 6. Let c = -3 + -3. Let n(r) = -r**2 - 6*r + 6. Let f be n(c). Calculate the highest common factor of w and f.
3
Let d be (495/(-4 - -9))/1. Calculate the greatest common divisor of d and 66.
33
Let f(g) = -116*g**3 + 2*g**2 + 4*g + 2. Let b be f(-1). Calculate the greatest common factor of 29 and b.
29
Let v = 191 + -59. Let a = v - 78. Let d = 12 - 6. What is the highest common divisor of d and a?
6
Suppose 2*f = 5*j - 45, 3 = 3*j + 3*f - 3. Suppose -r - 1 + j = 0. Let l = r + 4. What is the greatest common divisor of l and 25?
5
Suppose 3*l - 15 = 0, -l + 2*l + 331 = 4*h. What is the highest common divisor of h and 12?
12
Let o be ((-2)/6)/((-13)/351). Calculate the highest common factor of o and 18.
9
Suppose 34 = 4*v + 6. Suppose 0 = -5*y + 5, -v = t - 3*t + 5*y. What is the highest common factor of 3 and t?
3
Let f(i) = 7*i**3 - 4*i**2 - 2*i. Let r be f(2). What is the greatest common divisor of r and 24?
12
Let j(w) = w**2 + 12. Let g be j(0). Calculate the greatest common divisor of g and 36.
12
Suppose 0*d + q + 62 = 2*d, -2*d + 46 = 3*q. Calculate the highest common factor of 203 and d.
29
Suppose -4*n + 59 + 49 = 0. Let i be (-6)/n + 191/9. Calculate the greatest common divisor of i and 14.
7
Suppose -3*t + 3*w + 12 = 0, 12 = 3*t - 4*w + 3*w. Suppose 32 = 3*h - t. Calculate the greatest common factor of 48 and h.
12
Suppose 0*a - 5*a = -175. Let c be (-63)/18*(-1 + -3). What is the highest common factor of a and c?
7
Suppose 127 = 4*o - 173. Let n(h) = -h**2 - h + 30. Suppose 5*c + 4*k = -6 + 2, -5*k - 5 = 5*c. Let p be n(c). Calculate the greatest common divisor of p and o.
15
Suppose 2*s = 5*s - 90. What is the highest common factor of 20 and s?
10
Suppose -78 = -0*m - 3*m. Let w(q) = q**3 - 8*q**2 + 7*q - 3. Let k be w(7). Let h be 20/k*117/(-6). Calculate the highest common factor of h and m.
26
Let k be (-4)/(-6) - (-223)/3. Let t = -54 + k. Let w = 26 + -12. Calculate the greatest common factor of t and w.
7
Let t be 41 + 2/6 + (-2)/(-3). Calculate the greatest common divisor of 21 and t.
21
Let m(s) = -s**2 + 9*s + 16. Let g be m(10). Calculate the highest common factor of g and 24.
6
Suppose -t - 2 = -5. Suppose t*y = -2*i + 41, y + 4*i - 5 = 2*y. Let z = -22 + 77. What is the greatest common divisor of y and z?
11
Let f = 0 + 2. Suppose 0 = c - f*c + 10. Let h be 0 + (0 - 1) + 71. What is the greatest common divisor of h and c?
10
Suppose -5*i + 565 = 5*k, -3*k - 232 = -5*k - 4*i. What is the greatest common divisor of k and 10?
10
Let t(m) = 7*m**2 + 7. Let y be t(5). What is the highest common divisor of y and 26?
26
Let u(s) = -18*s + 24. Let f be u(-8). What is the highest common factor of 24 and f?
24
Let f(i) = -2*i - 22. Let y be f(-15). What is the greatest common factor of 32 and y?
8
Let t be (0 + 10/(-15))*-6. Calculate the greatest common factor of t and 36.
4
Let a(h) = 3*h**2 + 5*h + 8. Let m be a(-4). Calculate the highest common factor of 4 and m.
4
Suppose 0 = -2*x - 4*p + 26, -3*p - 57 = -0*x - 3*x. Calculate the highest common factor of 153 and x.
17
Let m = -31 - -46. What is the greatest common divisor of m and 10?
5
Let c(l) = l**3 + 3*l**2 - 2*l - 1. Let b be c(-3). Suppose 5*u + 55 = b*o, o - 3*o + 5*u = -13. Calculate the greatest common factor of o and 7.
7
Suppose 1440 = 2*c + 3*c. Suppose -5*x + c = -x. Calculate the highest common divisor of 8 and x.
8
Let g = 12 + -1. Let h(c) be the first derivative of -c**2/2 - 2*c - 1. Let s be h(-3). What is the highest common divisor of s and g?
1
Let l be 3/15 + (-39)/(-5). Suppose 0*k = -4*k + 224. What is the greatest common factor of l and k?
8
Let t be 17*2 + (4 - (-1 + 4)). What is the highest common divisor of 70 and t?
35
Suppose -2*i = 2*i + 16. Let q be 29/i + 6/(-8). Let g = q - -17. Calculate the greatest common divisor of 72 and g.
9
Suppose -35 = 2*b - 3*b. Let z(y) = 5*y - 1. Let f be z(-9). Let a = b - f. Calculate the highest common factor of 9 and a.
9
Let g(y) = -y + 9. Let d be g(2). What is the greatest common factor of d and 49?
7
Suppose 35 = 5*l + 10. Calculate the greatest common divisor of l and 25.
5
Suppose 75*d + 9 = 78*d. Calculate the greatest common factor of 48 and d.
3
Let d be (8/(-2))/((-2)/6). Let a be (-4)/6 + 